 divisor of 68704 and 207328.
608
Calculate the greatest common divisor of 9775734 and 2247.
321
What is the greatest common factor of 402624 and 8208?
432
Calculate the highest common divisor of 277 and 7706971.
277
Calculate the highest common divisor of 713 and 8233655.
23
Calculate the highest common factor of 52397762 and 94.
94
Calculate the greatest common factor of 10545 and 3332997.
111
What is the greatest common factor of 167398 and 1232?
154
Calculate the highest common factor of 101310 and 6690.
30
What is the highest common factor of 3523 and 55023569?
271
What is the highest common divisor of 46995871 and 6630?
221
Calculate the greatest common factor of 295008 and 3122784.
672
Calculate the greatest common factor of 384549 and 76851535.
11653
What is the highest common factor of 1419 and 1643331?
129
What is the highest common divisor of 20 and 138858740?
20
Calculate the highest common factor of 5509910 and 160.
10
Calculate the highest common factor of 2540 and 7988020600.
2540
What is the highest common divisor of 11607 and 6618837?
219
What is the greatest common divisor of 6771 and 119682?
183
Calculate the greatest common factor of 63014 and 1498.
14
Calculate the greatest common factor of 1610 and 27502342.
322
What is the highest common divisor of 33964970 and 19760?
2470
Calculate the highest common factor of 829939 and 291973.
2299
What is the greatest common divisor of 2292 and 670672434?
1146
What is the greatest common divisor of 192 and 38062560?
96
Calculate the highest common divisor of 1168620 and 36.
12
What is the highest common factor of 980 and 44495920?
980
What is the highest common factor of 43353 and 3384?
9
What is the highest common factor of 77056 and 26268872?
2408
What is the highest common factor of 7605 and 13211523?
117
Calculate the highest common factor of 211551 and 242373.
1401
What is the greatest common factor of 1604463350 and 7300?
3650
What is the greatest common divisor of 28 and 86926364?
28
Calculate the greatest common divisor of 7807 and 13759099.
211
Calculate the greatest common factor of 75136 and 609306.
1174
What is the highest common divisor of 9043520 and 32?
32
What is the greatest common divisor of 10272949 and 61?
61
Calculate the highest common divisor of 11736 and 4388.
4
Calculate the highest common factor of 55145 and 844660.
1345
What is the highest common factor of 3315291 and 969?
57
What is the greatest common divisor of 13162470 and 270?
30
What is the greatest common divisor of 70824 and 13704?
24
What is the highest common factor of 24042414 and 6633?
2211
What is the highest common factor of 150 and 2616720?
30
What is the highest common factor of 192703536 and 459?
27
Calculate the highest common factor of 488050 and 144050.
2150
What is the highest common factor of 346776334 and 19?
19
What is the highest common factor of 13096 and 162?
2
Calculate the highest common divisor of 240422 and 16289.
91
What is the highest common divisor of 2600144 and 3939?
101
Calculate the highest common factor of 119914857 and 10446.
5223
Calculate the highest common divisor of 10 and 72498970.
10
What is the greatest common factor of 2615161 and 306629?
289
Calculate the highest common divisor of 402554 and 1718828.
862
What is the highest common divisor of 22235246 and 143?
11
Calculate the highest common divisor of 345096 and 58680.
72
Calculate the highest common factor of 3290 and 113834658.
658
Calculate the highest common factor of 3650 and 959600.
50
Calculate the greatest common factor of 46207 and 66395.
49
Calculate the highest common factor of 84 and 13370826.
42
What is the highest common factor of 321253303 and 5089?
5089
Calculate the greatest common factor of 99870896 and 464.
464
What is the greatest common factor of 27 and 1014546?
3
Calculate the highest common factor of 210 and 617206170.
210
What is the highest common factor of 112788272 and 6848?
1712
What is the greatest common divisor of 57218850 and 76050?
5850
Calculate the highest common factor of 142879142 and 20888.
5222
What is the greatest common factor of 2 and 764534?
2
Calculate the greatest common divisor of 28068 and 3396.
12
Calculate the greatest common divisor of 497 and 483208463.
71
What is the greatest common divisor of 293 and 131622632?
293
What is the highest common factor of 4065 and 3672321?
813
Calculate the highest common divisor of 65804506 and 558.
62
What is the greatest common divisor of 3071808 and 112?
16
What is the greatest common factor of 322 and 859004?
46
Calculate the greatest common divisor of 203088089 and 59.
59
Calculate the greatest common divisor of 50064 and 160464.
48
Calculate the highest common factor of 55 and 85662830.
55
Calculate the highest common factor of 2523400 and 14300.
1100
What is the highest common factor of 4831741 and 2305?
461
What is the highest common factor of 14952443 and 55?
11
Calculate the greatest common factor of 5206 and 4311938.
274
What is the highest common divisor of 28 and 14184786?
14
What is the highest common factor of 8640 and 1565?
5
What is the greatest common divisor of 107568 and 180027?
747
Calculate the highest common factor of 1362884 and 13644.
1516
Calculate the highest common divisor of 247928 and 6.
2
What is the highest common factor of 6142938 and 313?
313
Calculate the highest common factor of 702 and 44018.
26
Calculate the greatest common divisor of 10006152 and 936.
312
Calculate the highest common divisor of 1273320 and 180.
180
Calculate the greatest common divisor of 528800 and 101600.
800
What is the highest common divisor of 53388118 and 56?
14
Calculate the greatest common divisor of 1038765 and 5985.
105
Calculate the highest common factor of 228 and 2101908.
12
Calculate the greatest common divisor of 120 and 27814260.
60
What is the highest common factor of 22288 and 58366?
14
Calculate the highest common factor of 78 and 20766304.
26
Calculate the highest common factor of 155826 and 858.
66
What is the greatest common factor of 497966 and 24416?
14
What is the highest common factor of 16127510 and 91?
7
What is the greatest common factor of 83 and 31055197?
83
Calculate the greatest common divisor of 1808 and 4249478.
226
Calculate the greatest common divisor of 466 and 345214.
2
What is the highest common divisor of 138 and 296166?
6
Calculate the highest common factor of 477 and 41451936.
159
What is the highest common factor of 267046 and 11583?
13
Calculate the greatest common divisor of 10 and 687007695.
5
Calculate the highest common factor of 402852458 and 452.
226
Calculate the greatest common factor of 40 and 4502840.
40
Calculate the greatest common divisor of 1321 and 547816058.
1321
Calculate the highest common factor of 871797 and 282702.
159
Calculate the greatest common factor of 1530760 and 465760.
2840
Calculate the highest common factor of 45220592 and 6672.
2224
What is the highest common divisor of 69056 and 75032?
664
What is the greatest common divisor of 26173 and 2317?
7
Calculate the highest common factor of 17776 and 659109.
11
Calculate the highest common divisor of 8307 and 493947.
639
What is the highest common divisor of 651 and 1212267?
21
Calculate the greatest common factor of 1020 and 9654.
6
Calculate the highest common divisor of 11179 and 100725984.
1597
What is the highest common divisor of 14 and 8687162?
2
What is the greatest common factor of 54144 and 57340?
188
What is the highest common divisor of 8226 and 25576462?
914
Calculate the highest common divisor of 4500 and 147960.
180
What is the greatest common factor of 324 and 214824?
12
Calculate the greatest common divisor of 759 and 911933.
11
What is the highest common factor of 168 and 2045708?
28
What is the highest common factor of 3740 and 9462090?
110
Calculate the greatest common divisor of 34 and 42118673.
17
Calculate the highest common factor of 334 and 116271579.
167
Calculate the greatest common divisor of 26516 and 119922398.
1894
What is the greatest common factor of 197 and 359981?
1
Calculate the greatest common divisor of 25353135 and 540.
135
What is the highest common divisor of 200907 and 34524?
63
What is the greatest common divisor of 108959348 and 1128?
188
What is the hi